rue
Does 15 divide 6315?
True
Is 4199 a multiple of 17?
True
Does 50 divide 2425?
False
Is 13 a factor of 29076?
False
Does 36 divide 89064?
True
Does 187 divide 19475?
False
Is 17 a factor of 815?
False
Is 118741 a multiple of 105?
False
Does 111 divide 21867?
True
Does 9 divide 12132?
True
Is 76882 a multiple of 13?
True
Is 586 a multiple of 2?
True
Is 12 a factor of 3020?
False
Is 22728 a multiple of 4?
True
Is 118 a factor of 236?
True
Is 966 a multiple of 3?
True
Is 707 a multiple of 5?
False
Is 19 a multiple of 2?
False
Is 11 a factor of 2308?
False
Is 14 a factor of 15153?
False
Is 91 a multiple of 2?
False
Does 27 divide 3545?
False
Is 12 a factor of 584?
False
Is 967 a multiple of 14?
False
Is 16 a factor of 400?
True
Is 48 a factor of 10107?
False
Is 3746 a multiple of 9?
False
Is 7812 a multiple of 18?
True
Does 33 divide 2543?
False
Is 48654 a multiple of 102?
True
Is 53 a factor of 8651?
False
Does 4 divide 1504?
True
Is 49 a factor of 12809?
False
Is 34 a factor of 3260?
False
Does 10 divide 1337?
False
Is 181 a multiple of 20?
False
Is 1095 a multiple of 73?
True
Is 1845 a multiple of 21?
False
Is 17 a factor of 15444?
False
Is 7216 a multiple of 11?
True
Does 125 divide 18511?
False
Is 14149 a multiple of 26?
False
Is 3824 a multiple of 4?
True
Is 175 a multiple of 5?
True
Does 2 divide 56?
True
Is 39124 a multiple of 23?
False
Is 10 a factor of 1700?
True
Does 7 divide 149?
False
Is 53 a factor of 3021?
True
Does 40 divide 983?
False
Is 152 a factor of 13984?
True
Is 175 a multiple of 35?
True
Is 12052 a multiple of 45?
False
Is 36 a factor of 6408?
True
Does 32 divide 832?
True
Does 7 divide 3856?
False
Does 29 divide 1902?
False
Is 52 a factor of 16432?
True
Is 5 a factor of 125?
True
Is 18 a factor of 2196?
True
Is 2116 a multiple of 46?
True
Is 14826 a multiple of 10?
False
Does 11 divide 117?
False
Does 69 divide 4209?
True
Does 5 divide 165?
True
Is 25 a factor of 8271?
False
Is 12 a factor of 576?
True
Does 55 divide 2585?
True
Is 30 a factor of 4062?
False
Is 12 a factor of 2446?
False
Is 4592 a multiple of 112?
True
Is 6 a factor of 25790?
False
Does 23 divide 288?
False
Is 866 a multiple of 19?
False
Is 29 a factor of 145?
True
Is 4 a factor of 7?
False
Is 283 a factor of 5094?
True
Is 224 a multiple of 14?
True
Is 6776 a multiple of 11?
True
Is 3 a factor of 248?
False
Is 7854 a multiple of 16?
False
Is 31 a factor of 197?
False
Does 10 divide 2330?
True
Is 38 a factor of 592?
False
Is 33 a multiple of 3?
True
Is 2116 a multiple of 46?
True
Does 33 divide 995?
False
Is 7 a factor of 588?
True
Is 18 a factor of 6019?
False
Is 154 a multiple of 10?
False
Does 27 divide 133582?
False
Is 4 a factor of 21876?
True
Is 1110 a multiple of 9?
False
Is 407 a multiple of 11?
True
Is 422 a multiple of 5?
False
Does 9 divide 10485?
True
Is 16 a factor of 17084?
False
Is 66 a factor of 905?
False
Does 14 divide 2036?
False
Is 192 a factor of 57795?
False
Is 36 a factor of 1446?
False
Is 528 a multiple of 33?
True
Is 15 a factor of 1570?
False
Is 6560 a multiple of 14?
False
Is 240 a multiple of 60?
True
Is 84 a factor of 3696?
True
Is 16 a factor of 84702?
False
Does 31 divide 1032?
False
Is 1016 a multiple of 10?
False
Does 21 divide 1051?
False
Does 29 divide 261?
True
Does 10 divide 1420?
True
Does 8 divide 2392?
True
Does 41 divide 699?
False
Is 100 a multiple of 100?
True
Does 12 divide 917?
False
Is 7636 a multiple of 3?
False
Is 561 a multiple of 17?
True
Does 217 divide 25831?
False
Does 5 divide 204?
False
Does 52 divide 1394?
False
Is 15 a factor of 1415?
False
Is 21504 a multiple of 71?
False
Is 640 a multiple of 10?
True
Is 18860 a multiple of 82?
True
Is 546 a multiple of 13?
True
Is 32262 a multiple of 28?
False
Is 21660 a multiple of 190?
True
Is 14 a factor of 2896?
False
Does 26 divide 575?
False
Does 8 divide 1078?
False
Is 19 a factor of 4237?
True
Is 7275 a multiple of 97?
True
Does 47 divide 6873?
False
Is 73 a factor of 17958?
True
Is 46 a factor of 4679?
False
Does 13 divide 1005?
False
Is 103 a factor of 11948?
True
Is 13 a factor of 1547?
True
Does 4 divide 8069?
False
Is 3887 a multiple of 13?
True
Is 9 a factor of 2036?
False
Is 2145 a multiple of 11?
True
Is 28 a factor of 1204?
True
Is 55636 a multiple of 247?
False
Is 26 a factor of 3386?
False
Does 14 divide 2148?
False
Is 17758 a multiple of 2?
True
Is 28394 a multiple of 25?
False
Is 11 a factor of 3740?
True
Is 29504 a multiple of 64?
True
Is 51129 a multiple of 207?
True
Is 10 a factor of 212?
False
Is 18221 a multiple of 19?
True
Does 47 divide 465?
False
Does 71 divide 2293?
False
Is 536 a multiple of 8?
True
Is 45 a factor of 29544?
False
Does 8 divide 334?
False
Is 50 a factor of 54050?
True
Is 16 a factor of 1774?
False
Does 28 divide 168?
True
Does 10 divide 5990?
True
Is 412 a multiple of 5?
False
Does 80 divide 5947?
False
Does 49 divide 581?
False
Is 62486 a multiple of 157?
True
Is 4 a factor of 113?
False
Is 25 a factor of 1278?
False
Is 17301 a multiple of 74?
False
Does 2 divide 3?
False
Is 84 a multiple of 12?
True
Is 8 a factor of 75?
False
Is 19 a factor of 5586?
True
Is 19028 a multiple of 33?
False
Is 27650 a multiple of 175?
True
Does 60 divide 4020?
True
Is 5294 a multiple of 53?
False
Is 306 a factor of 39474?
True
Does 27 divide 879?
False
Is 676 a multiple of 7?
False
Is 7 a factor of 79?
False
Is 995 a multiple of 27?
False
Is 12 a factor of 50556?
True
Is 903 a multiple of 45?
False
Is 30 a factor of 724?
False
Is 570 a multiple of 10?
True
Does 3 divide 254?
False
Is 140 a factor of 2975?
False
Does 84 divide 5160?
False
Is 73 a factor of 36938?
True
Does 22 divide 1419?
False
Does 25 divide 56908?
False
Is 218 a factor of 27686?
True
Is 9 a factor of 225?
True
Does 261 divide 818?
False
Does 4 divide 30?
False
Is 1890 a multiple of 15?
True
Does 34 divide 25356?
False
Is 9 a factor of 2670?
False
Is 57 a factor of 1197?
True
Is 36560 a multiple of 20?
True
Does 5 divide 5735?
True
Is 16497 a multiple of 47?
True
Is 2754 a multiple of 102?
True
Is 1883 a multiple of 42?
False
Is 9165 a multiple of 320?
False
Is 78 a factor of 156?
True
Is 2 a factor of 613?
False
Is 1170 a multiple of 5?
True
Does 21 divide 2000?
False
Is 16 a factor of 766?
False
Is 36 a factor of 107100?
True
Is 61104 a multiple of 228?
True
Does 16 divide 7559?
False
Does 10 divide 7149?
False
Does 6 divide 422?
False
Does 14 divide 842?
False
Does 9 divide 16612?
False
Does 20 divide 2090?
False
Is 8 a factor of 97?
False
Is 1154 a multiple of 9?
False
Is 14670 a multiple of 45?
True
Does 8 divide 15121?
False
Is 12 a factor of 2940?
True
Is 29576 a multiple of 47?
False
Is 31229 a multiple of 14?
False
Does 5 divide 79415?
True
Is 6 a factor of 408?
True
Is 3 a factor of 1142?
False
Does 7 divide 2924?
False
Does 16 divide 3616?
True
Is 179 a factor of 12888?
True
Is 17 a factor of 14722?
True
Is 3530 a multiple of 29?
False
Is 84 a factor of 15792?
True
Is 378 a multiple of 9?
True
Does 7 divide 6633?
False
Is 44134 a multiple of 308?
False
Does 86 divide 58002?
False
Is 7 a factor of 9100?
True
Does 28 divide 196?
True
Does 44 divide 13908?
False
Does 45 divide 4635?
True
Is 137 a multiple of 15?
False
Is 11 a factor of 506?
True
Does 67 divide 1005?
True
Is 12937 a multiple of 65?
False
Is 119 a factor of 4879?
True
Is 8877 a multiple of 11?
True
Is 24 a factor of 2016?
True
Is 1365 a multiple of 13?
True
Is 5256 a multiple of 24?
True
Is 2992 a multiple of 13?
False
Is 1405 a multiple of 41?
False
Is 16 a factor of 513?
False
Is 46 a factor of 984?
False
Does 20 divide 80?
True
Does 26 divide 156?
True
Is 6216 a multiple of 78?
False
Does 69 divide 137?
False
Does 37 divide 995?
False
Is 45 a factor of 2340?
True
Is 1341 a multiple of 45?
False
Does 8 divide 350?
False
Is 14 a factor of 770?
True
Is 21 a factor of 1849?
False
Is 1204 a multiple of 43?
True
Does 15 divide 5520?
True
Is 10 a factor of 26093?
False
Does 2 divide 426?
True
Is 12 a factor of 11669?
False
Is 18 a factor of 540?
True
Is 10 a factor of 40470?
True
Is 27626 a multiple of 38?
True
Does 21 divide 6552?
True
Is 2284 a multiple of 8?
False
Is 7 a factor of 9407?
False
Is 248 a multiple of 34?
False
Is 970 a multiple of 40?
False
Is 107 a factor of 15408?
True
Does 27 d